et u = -568 + 1085. Suppose -293 = 8*c - u. What is the remainder when c is divided by 15 - 0/(-1*1)?
13
Let t be (-4)/2 + 3 + -5. What is the remainder when t/(-10) - (-1152)/20 is divided by 10?
8
Suppose 5*u - 3*q - 40 = 2*q, q = 5*u - 56. Let y be (-1 - 263/(-1)) + -4. Suppose 9*b = 3*b + y. Calculate the remainder when b is divided by u.
7
Calculate the remainder when 9142*(-11)/(-77) + (4 - -3) is divided by 1310.
3
Let b = 296 + -266. Let l = b - 18. What is the remainder when 18 is divided by l?
6
Suppose -14*z + 855 = k - 10*z, -3*k - z + 2521 = 0. Let n = k - 792. What is the remainder when 421 is divided by n?
45
Let a = -8622 - -8635. Calculate the remainder when 32 is divided by a.
6
Let o(r) = -3*r**3 - 18*r**2 - 8*r - 19. What is the remainder when (-2)/(-6)*333/3 is divided by o(-6)?
8
Let h = 59 + 4. Let n = 3152 - 2713. What is the remainder when n is divided by h?
61
Suppose 112*a - 1092 = 98*a. Calculate the remainder when 1714 is divided by a.
76
Suppose 0 = 9*x - 230 - 436. Let f = x + -43. Calculate the remainder when 90 is divided by f.
28
Let y = 1784 - 1548. What is the remainder when 710 is divided by y?
2
Let u = -20374 - -23017. What is the remainder when u is divided by 121?
102
Suppose a = -g + 4*g - 1334, 0 = 5*a - 20. Let f(v) = v**3 + 7*v**2 + 6*v - 7. Calculate the remainder when g/18 - (-18)/81 is divided by f(-5).
12
Let d be ((-14)/(-6) + -1)/(8/24). Suppose 4*r - 28 = -d*z, 3*r - 4 - 1 = -z. What is the remainder when 17 is divided by ((-18)/z)/((-12)/32)?
5
Let c = -2 + 6. Suppose c*n - 7*n = 627. Let t = -132 - n. Calculate the remainder when t is divided by 16.
13
Suppose -885 = -5*n + 17*j - 12*j, 2*j = 5*n - 870. What is the remainder when n is divided by 53?
13
What is the remainder when (-3 - (-2)/(-6))/(((-40)/165)/4) is divided by 28?
27
What is the remainder when (8592/(-192))/((-2)/(-48)*-1) is divided by 64?
50
Calculate the remainder when 628 is divided by (111/4)/(72/96).
36
Suppose 170 = c + 3*w - 49, -4*c + 2*w + 820 = 0. Suppose -9*u - 387 = c. Let p = -52 - u. What is the remainder when 66 is divided by p?
10
Let t(m) be the first derivative of -m**4/4 - 5*m**3/3 + 7*m**2 - 27*m + 29. What is the remainder when t(-8) is divided by 21?
11
Suppose -4*j = -m - 1114, -5*j - 23*m = -28*m - 1370. Calculate the remainder when j is divided by 97.
86
Let y = 217 + -155. Suppose 4*k = -2*v + y, v - 97 = -2*v - 5*k. Calculate the remainder when (v/6)/((-7)/(-84)) is divided by 20.
18
Suppose 106*m - 272 = 105*m. Let v = m + -183. What is the remainder when v is divided by 34?
21
Suppose 4888 = 6*d + 1792. Let w = -61 + d. What is the remainder when w is divided by 24?
23
Suppose 0 = -4*t - t + 5, 3*t + 372 = 5*m. Suppose f + 50 = 3*b, 2*b + 15 - 48 = f. What is the remainder when m is divided by b?
7
Let l(g) = -14*g + 14. Let t be l(-13). Let o = t - 120. Calculate the remainder when o is divided by 9.
4
Suppose 10*r + 40 = 70. Suppose 2*u - r*n = 4*u - 42, -3*n = 4*u - 96. Calculate the remainder when 102 is divided by u.
21
Let y be ((-260)/(-156))/(1/(-6)). Calculate the remainder when (y/3 - 3)*-9 - -2 is divided by 17.
8
Let c(n) = 31*n - 3. Let w = -8604 + 8620. What is the remainder when c(2) is divided by w?
11
Let h = -175 + 178. Suppose -113 = -o + h*y, -585 = -5*o - 0*y + 5*y. Calculate the remainder when o is divided by 12.
11
Let r(o) = 3*o**3 - 3*o**2 - o + 11. What is the remainder when r(5) is divided by 24?
18
Let f be (-40)/24*36/(-4). Suppose -7*t - f = -309. Calculate the remainder when 586 is divided by t.
40
Suppose 115*r - 71*r = 6688. Calculate the remainder when r is divided by 77.
75
Let t(w) = 14*w + 136. Let c be t(-4). Let z = c - -104. Calculate the remainder when z is divided by 32.
24
Let n(m) = m**2 - 33*m + 258. What is the remainder when 68 is divided by n(8)?
10
Suppose 22*j - 11949 = 2590 + 8847. Calculate the remainder when j is divided by 26.
23
Let h = 13 - -6. Suppose -88*y = -876*y - 477*y + 36685. What is the remainder when y is divided by h?
10
Suppose -1594 = -6*f + 368. Calculate the remainder when f is divided by 129.
69
Let r be (-2)/(-4)*0*1/2. Suppose -3*k - x + 116 = 1061, r = 3*x. What is the remainder when 9/(k/(-10)) - 75/(-7) is divided by 4?
3
Let q(a) = 5*a**3 + a**2 - a + 2. Let y be q(1). Suppose -31 = -2*s + 5*u, 0 = 2*s + 3*u - y*u - 28. Calculate the remainder when 38 is divided by s.
6
Suppose -4*x = -11*o + 7*o + 8, 2*o = 5*x + 7. Suppose 134 + o = 15*a. What is the remainder when a is divided by 3?
0
Suppose 2*l = -2, 10*d = 6*d + l + 1509. What is the remainder when d is divided by 8?
1
Let b = -39 - -49. Suppose b*v - 36 = 9*v. Suppose -t - 36 = -3*t + 5*l, 3*l = -2*t + v. Calculate the remainder when 70 is divided by t.
16
Calculate the remainder when (2 - (-2016)/45 - 10)/((-1)/(-10)) is divided by 42.
32
Suppose 149*r = 131*r + 10800. What is the remainder when r is divided by 43?
41
Suppose -5*q = -2*d + 33, -2*d - 5*q - 7 - 10 = 0. Suppose -84 = -2*m + 5*w - w, 5*m - d*w = 192. What is the remainder when 80 is divided by m?
8
Let z = -2231 + 2243. Let h(u) = -4*u - u + 2*u**2 - 7 - 1 - 4. What is the remainder when h(9) is divided by z?
9
Suppose -2*j + 205 = 45. Calculate the remainder when j is divided by ((-99)/(-264))/(2/224).
38
Let u = 134 - 65. Calculate the remainder when u is divided by (-1)/((-10)/600*6).
9
Let b(f) = 2*f**2 - 1451*f + 5792. What is the remainder when 1075 is divided by b(4)?
15
Let p(d) = 61*d**3 + d**2 - 10*d + 3. Calculate the remainder when p(3) is divided by 34.
31
Let j be ((-3)/(-9)*1)/((-1)/(-6)). Suppose -j*p - 7 = 5*k, 2*k - 3*k = 5*p - 17. What is the remainder when (30/(-1))/((-2)/k*-1) is divided by 12?
9
Suppose 0 = -7*m - 297 - 578. Let r = m + 196. What is the remainder when r is divided by 14?
1
Calculate the remainder when 2749/5 + 7 + (-312)/40 is divided by 102.
39
Let a(t) = -3*t**2 - 18*t - 11. Let o be a(-5). Suppose -s + 39 = n, 2*s = -o*n + 3*n + 73. Calculate the remainder when 65 is divided by s.
31
Let p(u) = u**2 + 16*u - 77. Let g be p(-20). Suppose -9*c + 117 = -6*c + g*o, 5*o + 20 = 0. What is the remainder when 256 is divided by c?
41
Let l = -82 + 136. Suppose -23*n - n + 264 = 0. Suppose n = -6*u + 7*u. Calculate the remainder when l is divided by u.
10
Suppose -l + 5 = -0*l. Suppose -5*c - d + 25 = 0, l*c + 5*d = c + 41. Suppose 5 + 31 = c*o. Calculate the remainder when 14 is divided by o.
5
Let p(s) = s**3 + 17*s**2 + 33*s + 34. Let y be p(-15). What is the remainder when (-3686)/y + 6/(-66) is divided by 56?
55
Let v(d) = d**2 - 83*d + 1503. What is the remainder when 309 is divided by v(57)?
15
Let b = 30885 - 26293. What is the remainder when b is divided by 22?
16
Let i be ((-9)/27)/(-2 + (-10)/(-6)). Let b be (-447)/(-3)*i + 0 - 2. Suppose 10*w - b = 7*w. What is the remainder when w is divided by 25?
24
Suppose -2*q = -4*v - 1952, -3*v = -5*q + 4*q + 1465. Let g = -461 - v. What is the remainder when 67 is divided by g?
11
Let x be (-296)/(-3)*27/(-6). Let g = -259 - x. Calculate the remainder when g is divided by 17.
15
Let h be 1/(2/60) - (3 + -1). Suppose 2*v = h + 30. What is the remainder when 171 is divided by v?
26
Let i(g) = -9*g**3 - 2*g**2 + 2*g + 2. Let s be i(2). Let w be (-132)/(-308) - ((-1776)/21 + -2). Let k = w + s. Calculate the remainder when k is divided by 7.
6
Let v(j) = 2*j**2 + 34*j + 17. Let c = -85 - -149. Suppose -5*t - 90 = 2*k, 4*t - 4*k + c + 8 = 0. What is the remainder when v(t) is divided by 14?
11
Let l(w) = -2*w - 5. Suppose -50*z + 44*z = -132. Suppose 22 = 2*r + 4*u, -4*r - u + 59 = z. Calculate the remainder when l(-8) is divided by r.
2
Suppose 0 = -i + 2*d + 8, -2*i - 2*d - 10 = -4*i. Let j(l) = 4*l + 5. Calculate the remainder when (14/(-2))/(3/(-9)) is divided by j(i).
8
Suppose 5*f + 3*k - 91 = 0, k - 5*k = -3*f + 72. Let z = 1190 - 1183. What is the remainder when f is divided by z?
6
Let x = -32 + 41. Suppose -x*w + 997 = -1073. What is the remainder when w is divided by 26?
22
Suppose -4*d - 7 = 2*u - 185, 0 = 3*d - 12. Suppose -4*c + u = -c. Calculate the remainder when 187 is divided by c.
25
Let t = -4 + 6. Let j(g) = 2*g**2 + 3. Let c(w) = 8*w**2 + 66*w + 196. Let y(d) = c(d) - 3*j(d). Calculate the rem